 u be 2*13*(2 - 1). Suppose -2*o + u = -10. Calculate the remainder when o is divided by r.
8
Let q(j) = 59*j - 1. Suppose 3*h = -0*h + 60. What is the remainder when q(1) is divided by h?
18
Let p(c) = -2*c + 5. What is the remainder when 78 is divided by p(-2)?
6
Let j = -8 + 18. What is the remainder when j is divided by 7?
3
Calculate the remainder when (-4 + 7 - 4)*-105 is divided by 27.
24
Let h(a) = a**3 - 4*a**2 - 4*a - 1. Let b be h(5). Suppose 0 = b*f + 4*o - 96, 7 = -5*o + 2. Calculate the remainder when f is divided by 9.
7
Let b(n) = n**3 + n. Let f(w) = 4*w**3 - 3*w**2 + 2*w. Let m(o) = -5*b(o) + f(o). What is the remainder when m(-5) is divided by 22?
21
Let a = 41 + 26. Calculate the remainder when a is divided by 23.
21
Suppose -c = 4*s - 22, 0 = 4*c + 4*s - 56 + 16. Let h(w) = 4*w**2 - 7*w - 2*w**2 + 2*w. What is the remainder when h(c) is divided by 15?
12
Let f(r) = 2*r**2 - r - 5. Let m be ((-15)/6)/(2/(-4)). Let p be f(m). Suppose -2*c = c - 15, t + 4*c - p = 0. What is the remainder when t is divided by 11?
9
Let v(x) = 3*x**2 - 11*x - 3. Suppose -b + 48 = -0*b. What is the remainder when b is divided by v(5)?
14
Let z(s) = 3*s**2 + s - 1. Suppose 0 = -2*k + 73 - 9. Calculate the remainder when k is divided by z(-2).
5
Let n(p) = 2*p**2 - 25*p + 27. What is the remainder when 119 is divided by n(13)?
39
Let a = 34 + -20. What is the remainder when a is divided by (3 - (-16)/(-12))*(-1 - -4)?
4
Calculate the remainder when (-256)/(-7) - (-48)/112 is divided by 10.
7
Suppose t + 3*j = 14, -t + 4*j = -50 + 15. Suppose -3*i = a - 0*a, 4*i = 5*a - 19. Let p = i + 13. What is the remainder when t is divided by p?
11
Let v(q) = -q**2 + 2*q**2 - 6 + 4*q - 8*q. Let o(c) = c**2 - c - 3. Calculate the remainder when o(5) is divided by v(6).
5
Calculate the remainder when 32 is divided by 1*4 - 338/(-26).
15
Calculate the remainder when 1/(-6) + 62/12 is divided by 2.
1
Let h(s) = 11*s - 24. Calculate the remainder when 23 is divided by h(3).
5
Let s(j) = j**2 - 6 + 7*j - 3 - 2. Let z(d) = -3*d - 25. What is the remainder when s(-9) is divided by z(-10)?
2
Let f(h) = -h**3 + 9*h**2 - 13*h + 19. Calculate the remainder when f(7) is divided by 11.
4
Let w(h) = -h**3 + 5*h**2 + 7*h - 8. Let l be w(6). Suppose -2*t - 3*t + 160 = 0. What is the remainder when t is divided by 84/8 + l/(-4)?
10
What is the remainder when 27 is divided by 4 + (26/12 - 3/18)?
3
Let s(h) = h**2 - 3*h - 10. Let m be s(-7). Let p = m + -28. Calculate the remainder when p is divided by 11.
10
Let q = -30 + 37. Suppose 11 = -2*a + 47. What is the remainder when a is divided by q?
4
Let i(l) = -l + 6. Let w = 4 + 3. Suppose o - 4*k + w = -3*k, 2*o - 5*k + 17 = 0. Calculate the remainder when 34 is divided by i(o).
10
Suppose v = 3*v. What is the remainder when 16 is divided by v - 6*9/(-6)?
7
Calculate the remainder when ((-24)/(-14))/(((-12)/(-273))/2) is divided by 10.
8
Suppose 0 = -5*f + 48 + 2. Let w(t) = 2*t**2 - 4*t - 2. What is the remainder when w(-3) is divided by f?
8
What is the remainder when ((236 - 0)/4)/1 is divided by 31?
28
Suppose 14*y + 173 = 495. Calculate the remainder when 27 is divided by y.
4
Let p be (-4)/(-2)*(-13)/(-2). Suppose 3*y + p = 4*y. What is the remainder when 49 is divided by y?
10
Suppose 8 = 3*k + k, -17 = -c - 4*k. Calculate the remainder when 15 is divided by c.
6
Let o be (2 + -4)/(-1) + -41. Let t = o - -55. Suppose 3*a - 13 = 80. What is the remainder when a is divided by t?
15
Suppose 4*i = 286 - 158. Calculate the remainder when 119 is divided by i.
23
Let m be ((-4)/3)/((-4)/(-36)). Suppose 0*s - 4*k = s + 7, s = -3*k - 4. Let f = s - m. What is the remainder when 49 is divided by f?
15
Suppose 4*y + 55 = 3*y. Let p = 78 + y. What is the remainder when 91 is divided by p?
22
Suppose 0*v = -v + 3. Calculate the remainder when 13 is divided by v.
1
Suppose 0 = 4*t - 6*t + 34. What is the remainder when t is divided by 3?
2
Let c = 45 - 8. What is the remainder when 145 is divided by c?
34
Let t(p) = 3 + 12*p**2 - 5*p**2 - 4*p - 5*p**2. What is the remainder when 25 is divided by t(3)?
7
Suppose 0 = 3*h - 7 - 5, 0 = -4*l - 5*h + 28. What is the remainder when l is divided by 1?
0
Let d(h) = h**2 - 2*h + 3. Let q be d(3). Let a(b) = 0*b - 2 + q*b - 2*b - 1. Calculate the remainder when a(8) is divided by 8.
5
Suppose 4*g - 64 = -4*a, a = -5 - 0. What is the remainder when 61 is divided by g?
19
Suppose 48 = -0*z + 3*z. Suppose -1 = 5*t - z. Let c(n) = n**2 + 12*n + 7. Calculate the remainder when c(-12) is divided by t.
1
Suppose -h - 4*n = 82, -4*h + 5*n - 265 = -0*n. What is the remainder when 16 is divided by (-6)/(-24) - h/8?
7
Suppose j - 16 = -5*c, 5*j = -25 + 5. Calculate the remainder when (4/(-3))/((-4)/18) is divided by c.
2
Calculate the remainder when (110*-1)/(-5) - 5 is divided by 11.
6
Let g be (-2)/(-12) - (-2)/(-12). Let z(y) = y + 26. Calculate the remainder when z(g) is divided by 7*-3*(-2)/3.
12
Let f(n) = n**3 - 10*n**2 - 9*n - 7. Calculate the remainder when f(11) is divided by 8*(-1)/(0 + -1).
7
Suppose -10*w - 5*w = -750. Calculate the remainder when w is divided by 17.
16
Suppose 0 = -4*i + 230 + 206. Calculate the remainder when i is divided by 14.
11
Suppose 4*z = 55 + 17. What is the remainder when z is divided by 7?
4
Let z(v) = 10*v - 11. What is the remainder when z(6) is divided by 26?
23
Suppose 0 = 5*i - 2 - 8. Let g(y) = 0*y**i - 2*y**2 + 5 - 9*y + y**2. What is the remainder when g(-6) is divided by 12?
11
Let a be 2/(-8)*-10*2. Suppose 3*v = 10 + a. Let o = -4 + v. What is the remainder when 2 is divided by o?
0
Let v be ((-2)/4)/((-1)/(-118)). Let d = 118 + v. Suppose -5*t + d = 3*x - 0, -4*t = 3*x - 55. Calculate the remainder when 37 is divided by x.
11
Calculate the remainder when (-1101)/(-9) + 4 + 52/(-12) is divided by 42.
38
Let n = 133 - 68. Calculate the remainder when n is divided by 17.
14
Suppose 1 = -w - 3. What is the remainder when w/30 - 964/(-30) is divided by 17?
15
Suppose 0 = -2*y + 8, 0 = l - 3*l + 4*y - 2. Let p be (6/9)/(1/36). Let x = p - 4. Calculate the remainder when x is divided by l.
6
Calculate the remainder when 173 is divided by 612/14 + 6/21.
41
Let t be (-90)/20*(-4)/6. Let r be (2 - 2/2)/(-1). Let x = r + t. What is the remainder when 4 is divided by x?
0
Suppose 8 + 4 = 4*b. Suppose b*m - 2*m - 3 = 0. Calculate the remainder when 4 is divided by m.
1
Let q = 4 + -2. Suppose q*g + 2*g = 0. Suppose g = -3*j + 5*h + 40, -2*j + 12 = -0*j + 4*h. Calculate the remainder when 29 is divided by j.
9
Calculate the remainder when 5/(10/74) - 4/2 is divided by 12.
11
Let q(v) = v**3 - 3*v**2 - 5*v. Let j be q(4). Let b = j - -6. Suppose -b*u = u + 3*s - 84, 3*s = -2*u + 59. What is the remainder when u is divided by 13?
12
Let u(i) = -4*i + 42. Let l(k) = -k + 14. Let y(c) = -14*l(c) + 5*u(c). What is the remainder when y(-9) is divided by 23?
22
Let h be 1/7 + (-416)/(-28). Suppose -h = -5*j - 0. What is the remainder when j is divided by 2?
1
Suppose 3*q - 10*q = -56. Calculate the remainder when 2/(-8) + (-122)/(-8) is divided by q.
7
Let j be ((-38)/8)/((-1)/4). Let d = 9 + j. Calculate the remainder when d is divided by 16.
12
Suppose -26 - 170 = -4*i. Calculate the remainder when i is divided by 17.
15
Let u = 202 - 188. Let f = -11 - -36. Calculate the remainder when f is divided by u.
11
What is the remainder when 25 is divided by (-3)/(-2)*14/3?
4
Suppose -42 = 2*g + l + 27, -2*g + 5*l - 75 = 0. What is the remainder when 17 is divided by g/(-6) - 1/(-6)?
5
Suppose 6 = 2*o, 4*o - 5 - 9 = -m. Suppose 0 = 4*z + 2*b - 30, 5*z - m*b + 3 = 18. Calculate the remainder when 14 is divided by z.
4
Suppose -15*r + 384 = -11*r. What is the remainder when r is divided by 25?
21
Let c(f) = 2*f + 22. Let z be c(12). Let n = 68 - z. Let u = 0 + 8. Calculate the remainder when n is divided by u.
6
Let i(g) = -2*g - 3 + 2 + 0*g + 15*g**2. Suppose 153 = 4*t - 35. Calculate the remainder when t is divided by i(-1).
15
Let m(z) = 3*z**2. Let h = 3 + -2. Suppose 3*a - h = 14. What is the remainder when a is divided by m(1)?
2
Suppose -4*t + 70 = 5*h + t, -3*h + 3*t + 54 = 0. Suppose -4*o + 12 = -h. Calculate the remainder when 46 is divided by 111/o + (-2)/(-14).
14
